t a = -307 + 329. Calculate the greatest common factor of 11 and a.
11
Let t(u) = 17*u + 1. Let l be t(-3). Let x = 75 + l. What is the highest common factor of 75 and x?
25
Let r be 8 + -2 + 0 + 1. Let a(t) = -t + 93. Suppose -28 = -3*l + 5*c, -4*l + 2*l + 12 = -5*c. Let x be a(l). Calculate the highest common divisor of r and x.
7
Let l(a) = -a**2 - 9*a + 1. Let q be l(-8). Let f = -304 + 385. Calculate the greatest common divisor of f and q.
9
Let d(t) = -6*t**2 - 80*t - 8. Let g be d(-13). What is the highest common divisor of g and 2?
2
Let g be -7 + 13 + (1 - 2). Suppose -19 = r + 4*v, r = g*r + 3*v + 50. Let b = r - -18. Calculate the greatest common divisor of 35 and b.
7
Let b = 73 + 48. Let x(a) = 6*a**2 + 2*a - 2. Let s be x(2). Let h = s - 15. Calculate the greatest common divisor of h and b.
11
Suppose -2*w + 4*w = 3*u - 35, 4*u - 55 = w. Calculate the highest common factor of 48 and u.
3
Let h(p) = -p**3 + 4*p**2 + 13*p + 3. Let j be h(6). What is the highest common factor of 171 and j?
9
Let o(t) = t**3 - 14*t**2 + 12*t + 22. Let c be o(13). What is the highest common divisor of c and 33?
3
Suppose 0 = -3*o + 12 - 3, 0 = 5*n - 2*o - 59. What is the greatest common divisor of 13 and n?
13
Let q(c) = 4*c**2 - 3*c + 10. Let n be q(3). Let j = n - 24. Let z = -24 - -37. Calculate the highest common factor of j and z.
13
Let t = -14 - -18. Suppose -t*h = 5*v - 33, 6*h - 2*h = -v + 13. Suppose 0 = -r + h*r - 55. What is the highest common factor of r and 22?
11
Let z(x) = 6*x**3 - x**2 - 3*x - 1. Let q be z(-1). Let o be 6/(-1 - q/2) + 139. Calculate the greatest common divisor of o and 13.
13
Let m(c) = 62*c + 305. Let a be m(-3). Let w be 1/((2 - 1)/17). What is the greatest common divisor of w and a?
17
Let y = 14 - -44. Let h = y - 41. Calculate the highest common factor of h and 51.
17
Suppose 27 = 9*j - 9. Let w be (-2)/j - (-2873)/26. Calculate the highest common factor of w and 44.
22
Suppose -3*z + 118 = -2*l, l + 0 = 4. Let w be 18/4*(26 - -2). Suppose 4*u = z + w. Calculate the greatest common divisor of u and 63.
21
Suppose -12*c = -10*c - 20. Let k be 2/7 + (-206)/(-14). Calculate the greatest common divisor of k and c.
5
Let c be (-76)/(-95) + 408/15. Calculate the greatest common divisor of c and 448.
28
Suppose 1 = -n + 8*a, 47 + 36 = 5*n + 4*a. Suppose -2*i + 3*z + 26 = 4*z, i + 5*z + 5 = 0. Calculate the highest common factor of i and n.
15
Let z = 1663 - 1649. What is the greatest common divisor of z and 350?
14
Let n be (14/7 - 4)/((-2)/27). Let d(c) = 2*c**2 + 1. Let h be d(-1). What is the highest common factor of n and h?
3
Let q be 405/3*(-12)/(-9). What is the greatest common factor of 135 and q?
45
Suppose z = -4*g + 21, g = z + 2*z - 50. Let b = 207 + -71. Calculate the highest common factor of b and z.
17
Suppose 1222 - 448 = 9*l. What is the highest common factor of l and 473?
43
Let u = 419 + -386. Calculate the greatest common factor of u and 561.
33
Let a be 3 - (2 - 2) - -7. Let f be 5*a/(4 + 1). Suppose -66 = -f*i + 4*i. Calculate the highest common divisor of i and 22.
11
Let g = 7 - 3. Suppose -2*a - 36 = -g*o + 2*a, 3*o - 29 = 5*a. Suppose -10*i + 2552 = 19*i. Calculate the highest common factor of i and o.
8
Let z be ((-460)/8)/(-5)*2. Suppose 16*v + 182 = z*v. Calculate the highest common divisor of 39 and v.
13
Let i(q) = 2*q - 12. Let p be i(4). Let h be ((-22)/(-33))/(p/(-54)). Let f(a) = 2*a + 6. Let v be f(6). Calculate the highest common factor of v and h.
9
Let a be (-3)/(-2)*(3 + (-5)/3). Suppose -a*j + 93 = 27. Calculate the highest common divisor of 55 and j.
11
Let g = -36 - -66. Calculate the greatest common divisor of g and 330.
30
Let m be (-1)/(1 - 15/12). Suppose 2*n + m = 0, 5*i - 5*n = 24 + 1. Let u = i - -5. Calculate the greatest common divisor of u and 16.
8
Let a(q) = 2*q**2 - 3*q - 2. Let m be a(-5). Let c be 13*(-3048)/(-2184) + -2*(-2)/(-28). Calculate the greatest common factor of m and c.
9
Suppose 2*i - 173 = i + 2*v, -837 = -5*i + 3*v. Calculate the greatest common factor of 33 and i.
33
Let z(o) = 174*o**2 - 4*o + 3. Let t(m) = -870*m**2 + 20*m - 14. Let l(x) = 2*t(x) + 11*z(x). Let d be l(1). What is the greatest common factor of 35 and d?
35
Let o = -23 - -25. Suppose -o*q = 4*c + 108, -4*c - 5*q - 31 - 89 = 0. Let l be ((-88)/20 + 4)*c. What is the highest common factor of 110 and l?
10
Suppose -16*w - 812 = 260. Let p = w + 70. What is the highest common divisor of p and 21?
3
Let o = -68 - -130. Let n = o - -30. Let z = 51 - 28. Calculate the greatest common factor of n and z.
23
Let v be (-8)/(((-6)/240)/1). Calculate the highest common divisor of 10 and v.
10
Suppose -172*r + 24*r + 15984 = 0. What is the greatest common divisor of 234 and r?
18
Suppose -3*m + 279 = r, -377 = -2*m - 2*m - 3*r. Suppose u - 28 = -3*w + m, -2*u + 232 = 4*w. Calculate the highest common divisor of 9 and u.
9
Let v be 125344/160 - (-2)/(-5). What is the highest common factor of v and 27?
27
Let n = 1024 + -528. Calculate the greatest common factor of 32 and n.
16
Let d = -3 - -29. Suppose 8*b = d + 6. What is the greatest common divisor of 44 and b?
4
Let j(g) = 2*g**2 - 71. Let q be j(0). Let y = -57 - q. Calculate the greatest common factor of 7 and y.
7
Let r(c) = 3*c + 408. Let i be r(-34). Calculate the greatest common factor of i and 34.
34
Let v(w) = -w**3 + 5*w**2 - 7*w + 9. Let x be v(2). What is the greatest common divisor of 301 and x?
7
Suppose 9*a + 200 = 10*a. Suppose -p + 4*t + 58 = 0, -p + 3*t + 27 + 29 = 0. Calculate the greatest common factor of p and a.
50
Suppose -24 = -9*a + 3. Suppose 3*s - 153 = -4*d, 2*d - 2*s = -a*d + 220. Calculate the greatest common factor of d and 28.
14
Suppose -25 + 1 = -2*w. Let m be 2/w + (-359)/(-6). What is the greatest common factor of m and 12?
12
Let u be (41275/(-2))/(-13) - 6/4. What is the highest common divisor of 122 and u?
122
Suppose 30*w - 3069 = 1251. Calculate the highest common factor of 72 and w.
72
Let f(n) be the first derivative of -n**2/2 + 9*n - 6. Let x be f(6). Suppose x*g = 5*g, -2*g = -5*v + 100. Calculate the highest common factor of v and 80.
20
Let f be (-2 - -5)/(4 + -5). Let r(c) = -7*c + 3. Let u be r(f). Suppose j = -3*z - 0*z + u, 0 = -4*z + 12. Calculate the highest common divisor of 10 and j.
5
Let g = -44 + 54. Let w be (g/(-6))/((-1)/3). Calculate the greatest common divisor of 10 and w.
5
Suppose -4*q = 5*b - 38, -q + 4*q = 6. Let d = 18 + b. Calculate the greatest common factor of 18 and d.
6
Suppose -5*s + i = 2*i - 54, -32 = -2*s - 3*i. Let q be 0 - (33/(-6)*2 - 4). Calculate the greatest common factor of s and q.
5
Let t be (-4)/26 + 112/52. Suppose -5*p = -t*f + 13, 9 = -4*f + 2*p - 5. Let d be -1 - 45/10*f. What is the greatest common factor of 65 and d?
13
Let t(z) = -z**3 - 22*z**2 - 9*z + 6. Let n be t(-22). Let r = n - -111. Calculate the highest common divisor of 35 and r.
35
Let v be ((-6)/8)/(4/(-64)). Suppose -8 = 2*h - v. Suppose 4*u = 2*w + 142, -h*w - 3*w - 75 = -2*u. What is the highest common divisor of 5 and u?
5
Let z = 7 - -85. Let l = z + 51. What is the greatest common divisor of 13 and l?
13
Let b be (-46*22/(-4))/1. Calculate the greatest common divisor of 23 and b.
23
Suppose h - 3*w - 21 = 0, -2*h + 12*w = 17*w - 31. What is the greatest common factor of 1602 and h?
18
Suppose -7*o = -4907 + 434. What is the greatest common divisor of o and 9?
9
Let l = -80 - -130. Let h be ((-15)/(-2))/(12*(-6)/(-3360)). What is the greatest common divisor of h and l?
50
Let r(q) = 34*q + 36. Let k be r(9). What is the greatest common divisor of k and 76?
38
Suppose 69*k + 286 - 13327 = 0. Suppose 4*t - 76 = 2*y, -t + 2*y + 5 = -8. What is the greatest common factor of t and k?
21
Let w(n) = -4*n - 16. Let v be w(6). Let l = 144 + v. Calculate the highest common divisor of 8 and l.
8
Let l = -77 + 53. Let z be ((-21)/14)/((-69)/l - 3). What is the greatest common factor of z and 24?
12
Suppose -4*a + 15 = -7*a. Let q be (-1)/4 + a/(-20). Let x(s) = -s**3 + s**2 + s + 7. Let u be x(q). What is the highest common factor of 35 and u?
7
Let w(u) = -6*u + 113. Let c be w(16). Calculate the greatest common factor of c and 2669.
17
Suppose -572*l + 568*l = -44. What is the highest com